4*v = -b + 18, -2*v - 9 = -5*b. Let x(r) = -r - 3 + 2 + 0 + b. What is x(n)?
1
Let t(r) be the third derivative of 1/6*r**3 + 0 - 1/24*r**4 + 14*r**2 + 0*r. Calculate t(1).
0
Let w(l) = -8 - 3*l + 16 + 5*l**2 + 4*l - l**3 - 3. Suppose -17 = -a - 4*q + q, 2*a = -q + 39. Suppose 2*x + 2*x = a. Calculate w(x).
10
Let p(v) = -10*v - 7. Let o(l) = -l**3 - 7*l**2 + 6*l + 10. Let k be o(-7). Let r = k - -46. Let q(x) = -3*x - 2. Let m(y) = r*q(y) - 4*p(y). Calculate m(3).
-6
Let l(b) = 16*b**3 + 3*b**2 - 7*b**2 - 2*b - 15*b**3 + 1 + 0*b**2. Suppose -6*v = -v - 20. Calculate l(v).
-7
Let o(z) be the first derivative of z**3/3 - 9*z**2 + 3*z - 10. Let f be o(18). Let a(q) = q - 5. What is a(f)?
-2
Let k = -6451 + 6460. Let f(z) = 3*z - 19. Let o(w) = w - 6. Let u(q) = 3*f(q) - 8*o(q). Determine u(k).
0
Let b = 589/2 - 293. Let o(t) be the first derivative of b*t**2 + 4*t - t**3 - 1/4*t**4 - 2. What is o(-4)?
8
Let h(f) = f - 7. Suppose 4*u = -0*u + i + 24, u - i = 9. What is h(u)?
-2
Let d(a) = -a**3 + a**2 + 3*a - 3. Let s be ((-21)/(-14))/(24/32). Give d(s).
-1
Let g = -9 + 16. Let x(z) = -14*z - 1 + g*z + 3*z. Give x(1).
-5
Let f = -7319/60 + 122. Let d(w) be the third derivative of 0*w + 2/3*w**3 - w**2 + 0 + f*w**5 + 1/4*w**4. Determine d(-3).
-5
Let x(u) = -u + 8. Let j be x(-6). Suppose -66 = -5*f - 6. Let l = f - j. Let h(n) = -n**3 - 2*n**2 + n. Determine h(l).
-2
Suppose 2*l = 2*t + 100, 0 = 2*l + 3*l + 4*t - 241. Let j = -52 + l. Let a(s) = s + 3. Give a(j).
0
Suppose 4*k + 4 = -2*n, -3*n - 3*k + 2 = n. Let i(x) = 0*x**2 - 39*x**3 + 0*x**n + 40*x**3 + x + 17. What is i(0)?
17
Let g = -616 - -614. Let b(u) = 6*u**2 - 2*u + 1. Calculate b(g).
29
Let q(w) = 22 + 25 + 4*w - 94 + 18 + 21. Determine q(6).
16
Suppose -i + 6 = i. Suppose 0*u - i = 3*u. Let n(d) = 3*d + 1. Let j(f) = 13*f + 4. Let z(v) = -j(v) + 3*n(v). Give z(u).
3
Let h(d) = -d**2. Let p = -15 - -11. Let a(n) = n**3 + 3*n. Let s(z) = p*h(z) - a(z). Let w be (3/2)/(190/380). What is s(w)?
0
Let f(d) = d**2 - 5*d - 8. Suppose 2*b - 10 = -4. Suppose -b + 6 = w. Suppose 12 = 5*n - w*n. What is f(n)?
-2
Let q(g) = -1 + 543*g - 272*g + 2*g**2 + 68*g**3 - 271*g. Calculate q(-1).
-67
Let x(v) = 13*v - 1. Let o = -355 - -357. Determine x(o).
25
Let c(j) be the second derivative of 1/2*j**4 + j**3 + 1/20*j**5 - 1/2*j**2 + 5*j + 0. Let p = 5 - 10. Give c(p).
-6
Suppose -z - z + 10 = 0. Suppose -z + 32 = 9*u. Let s(c) = -7*c + 4. Calculate s(u).
-17
Let h(k) = -k**3 - 2*k**2 + 4. Let t be h(-2). Let z be ((-6)/t)/(6/8). Let r(n) = 5*n + 3. Calculate r(z).
-7
Let x be (-3 + 4 + 0)*1. Let f be 6/6 + (1 - 2). Let m(h) = -h + 3*h**2 + f + 0*h**2 + 1. Calculate m(x).
3
Let n(s) = -7*s - 6. Let j be n(-3). Suppose -4*c + j = -1. Let u be 25/10 - 6/c. Let q(t) = 17*t - 1. Calculate q(u).
16
Suppose 3*o - 3 = 2*o. Suppose -a = 5*g - 3*a - 25, 0 = -o*g - 4*a + 15. Suppose 4*v + x = 0, 10 + g = 3*v - 3*x. Let d(w) = -5*w**2 - 2*w + 1. Give d(v).
-6
Let a(j) = -2*j**2 - 2. Let q be 0 - 0 - (120/(-10) - -9). Give a(q).
-20
Let k = -8 - -15. Suppose 7 = 2*t - k. Let n(w) be the first derivative of w**2/2 - 10*w + 309. Give n(t).
-3
Suppose -3*w + 0*g = -4*g - 10, -w - 3*g = 14. Let b(s) be the second derivative of -1/2*s**2 + 2/3*s**3 - s + 0. Give b(w).
-9
Let y(i) = -83*i**3 + 26*i**3 - i**2 + 2 + 31*i**3 + 0*i**2 + 25*i**3. Determine y(-2).
6
Suppose 3*t - 264 = -0*t. Let d(s) = s**2 + 13*s + 31. Let h be d(-7). Let u be (-16)/t + 31/h. Let l(r) = 2*r**2 + 3*r - 2. What is l(u)?
7
Let b(s) be the third derivative of -s**4/6 + 3*s**2. Let k be (-180)/108 + 1/(-3). Determine b(k).
8
Suppose -4*u + 2*n + 0*n = -18, 2*u = -4*n + 24. Let w(b) = b - 13. What is w(u)?
-7
Let n(f) = -3*f**3 + 5*f**2 - 5*f - 5. Let m(d) = 14*d**3 - 6*d**3 + 2924 - 2908 + 14*d - 14*d**2. Let j(i) = -4*m(i) - 11*n(i). What is j(0)?
-9
Let u(o) be the third derivative of -o**6/120 - o**5/20 + 5*o**4/24 + o**3/6 + 23*o**2 + o. Give u(-4).
-3
Let i(n) = n - 13. Let p be ((-68)/(-10))/(11/((-110)/(-4))). Let f(a) = 3*a - 37. Let q(m) = p*i(m) - 6*f(m). Calculate q(9).
-8
Let a(y) be the first derivative of 1/6*y**3 + 11/2*y**2 - 1/24*y**4 + 8 + 0*y. Let n(c) be the second derivative of a(c). Give n(0).
1
Let y(q) = 2*q + 4. Suppose 0 = -i - 51 + 36. Let b(c) = c + 10. Let h be b(i). Calculate y(h).
-6
Let i(t) = 14 + 20 - 49 - t + 21. Calculate i(-5).
11
Suppose -2*h + 4*f = 22, 4*h + f + 80 = -0*h. Let x = h - -21. Let y(k) = k**3 - 3*k**2 + 3*k - 2. Give y(x).
0
Let o(q) be the third derivative of -q**6/120 - q**5/12 - q**4/8 - 2*q**3/3 + 278*q**2. Calculate o(-4).
-8
Let f(d) = 16*d**3 + 5*d**2 - 4*d - 26. Let h(n) = 7*n**3 + 3*n**2 - 2*n - 12. Let w(p) = -4*f(p) + 9*h(p). What is w(6)?
20
Let j(a) be the third derivative of 1/12*a**4 - 1/3*a**3 - 1/15*a**5 + 0 + 1/120*a**6 + 0*a + 17*a**2. What is j(4)?
6
Let h be (-6)/(-8)*(21 + -13). Let q(y) be the first derivative of -y**2/2 + 3*y + 31. Give q(h).
-3
Let o(s) = -5*s + 53. Let i be o(10). Let n(k) = -k**3 - k**2 + 3. Let v be n(0). Let m(a) = -4*a + v - a + i*a - 4. What is m(-5)?
9
Let l(c) = -9*c. Let a(d) = -d**2 + 6*d - 2. Let t(w) = w**2 - 5*w + 1. Let b(m) = -2*a(m) - 3*t(m). Let f be b(-2). Let j = f + 8. Calculate l(j).
9
Suppose -c + 27 = -5*k, -2*c - 2*k = -6*k - 30. Let d = 238 - 238. Let y(q) = 2 - q + d*q - c - 1. Determine y(-4).
-2
Let i = 152 + -159. Let a(p) = 2*p + 1. Determine a(i).
-13
Let t(v) = v**3 - 6*v**2 - 8*v + 4. Let l be 2/(-4)*8*(9 + -1). Suppose -y = 2*y + 75. Let f = y - l. Give t(f).
-3
Let l(a) = -a. Suppose -n - w = -57, 0 = -n - 5*w + 7*w + 51. Let j = n - 55. Determine l(j).
0
Let g(y) = -2*y**2 + y - 1. Let m(s) = 6*s**2 + 2*s. Let w(v) = 2*g(v) + m(v). Give w(-5).
28
Let b(i) be the second derivative of i**3/6 - 2*i**2 + 6*i. Let x(m) = -1. Let k(h) = -b(h) + x(h). What is k(6)?
-3
Let f = -74 - -77. Let i(o) = o**3 + 2*o**2 - 2*o + 1. What is i(f)?
40
Suppose -3*g - 79 = -19. Let z = -16 - g. Let q(i) = 5*i + 5*i**3 - 10*i - z*i**3 + 2 + 5*i**2. Give q(-6).
-4
Let h(o) be the first derivative of -3/2*o**2 + 1 - o - 1/3*o**3. Determine h(-2).
1
Let y(n) = n + 2. Let f be y(-1). Suppose -3*l + f = 22. Let p(v) = 2*v - 4*v - v**2 - 4*v - v + 2. Calculate p(l).
2
Suppose 5*b + 465 = 165. Let s = b - -57. Let l(v) = v**3 + 3*v**2 - 4*v - 4. Give l(s).
8
Let n(k) = -k**3 - k**2 + k + 2. Suppose 5*t = -0*t - j + 10, 3*t + 5*j = -16. Suppose 2 + 7 = t*a. Suppose 0 = 3*q - 6, -3*q + 9 - a = 5*u. Determine n(u).
2
Let k(o) = 3*o - 6. Let w(u) = 2*u - 4. Let t(y) = 5*k(y) - 8*w(y). Give t(-6).
8
Let k(l) = 5*l. Let s(t) = t. Let j(a) = a**2 - 13*a - 27. Let v be j(16). Let m(x) = v*s(x) - 3*k(x). Calculate m(-1).
-6
Let r = -6 - 0. Let n(o) = -33*o + 65*o - 7 + 11 + 7 - 31*o. Calculate n(r).
5
Let g(v) = 8*v**2 + 7*v + 13. Let x(d) = -7*d**2 - 6*d - 11. Let a(t) = -6*g(t) - 7*x(t). Calculate a(4).
15
Let w(g) = 75*g**2 + 5 + 4*g - 74*g**2 + 0 - 4. Suppose 0 = 3*q - q - 10, 0 = -4*u - 3*q + 3. Determine w(u).
-2
Let r(h) = -h**3 - 11*h**2 + 14. Suppose -41 = 5*g + 14. Let o be r(g). Suppose 4*b = 14 + o. Let p(q) = q**2 - 6*q - 1. What is p(b)?
6
Let u(i) = 7*i - 4*i + 7 - 2*i. Let o(w) = 11*w**3 + 4*w**2 - w - 3. Let m be o(-1). Calculate u(m).
-2
Let n be 15/9 - 12/(-9). Let p(v) = v**3 - 5*v**2 + 3*v + 1. What is p(n)?
-8
Let o(r) = 102 - 11*r + 28 - 133. Determine o(-3).
30
Let r(c) = -c**3 + c**2 - 1. Let s(l) = -7*l**3 - 4*l - 4. Let n(m) = -6*r(m) + s(m). Give n(-5).
-3
Let t(v) = 1 + 1128*v + 5 - 1124*v. Let u(r) = -r - 1. Let b(i) = -t(i) - 2*u(i). Let g = -5 - 1. Determine b(g).
8
Let v(n) be the first derivative of n**7/840 - n**6/72 + n**5/24 - n**4/12 - n**3/3 + 3. Let g(p) be the third derivative of v(p). Give g(4).
2
Let n(u) = 2*u**2 + 3*u + 1. Let r be (5/10)/(3/(-12)). Give n(r).
3
Let w(t) = -t**2 - t - 1. Let u(s) = 2*s**3 - 4*s**2 - 5*s - 3. Let r(p) = u(p) - 5*w(p). Let b(n) = n**2 - 20*n + 82. Let g be b(14). Give r(g).
-10
Suppose 0 = -2*f + f - 4, 5*f + 95 = 5*s. Suppose -s = -w - 8. Let q(a) = -a**2 + 10*a - 5. Calculate q(w).
16
Let i(p) = -263*p**2 + 266*p**2 - 8*p + 5*p - p**3. Let r be 3 - (-2 - -2)/1. Calculate i(r).
-9
Let q = 24 + 42. Let n = q + -64. Let b(z) = -z**2 + 2. Give b(n).
-2
Let j(m) = -m**2 - 12*m - 